is 1 + -4701146?
-4701145
In base 7, what is 24 + 220415003?
220415030
In base 2, what is 101011101 + 101001110111011?
101010100011000
In base 5, what is 44 - 21431043?
-21430444
In base 14, what is 14c5 + 32db?
47c2
In base 14, what is 28 - -22681c?
226846
In base 15, what is -63e28 - -1d8?
-63c40
In base 10, what is -2 + 2807183?
2807181
In base 6, what is 10221 - 1452114?
-1441453
In base 16, what is -1ef - -6ca?
4db
In base 15, what is 5 - -294408?
29440d
In base 5, what is 144331 - -10402102?
11101433
In base 7, what is 541 + 3555222?
3556063
In base 10, what is 21190 + 203?
21393
In base 7, what is 13 - 144345231?
-144345215
In base 9, what is -88 + 184460?
184361
In base 12, what is 6 - -41b29b40?
41b29b46
In base 3, what is -2011010211112102 + -12?
-2011010211112121
In base 6, what is 2231244351 - -10?
2231244401
In base 10, what is 528 - 4094?
-3566
In base 14, what is 62021 + -7?
62018
In base 5, what is 3033 - -324223?
332311
In base 13, what is -8647 + -502?
-8b49
In base 16, what is -6a375 + -fd?
-6a472
In base 7, what is -666 + 565020?
564021
In base 9, what is 5 - -18827802?
18827807
In base 14, what is 8b94 + 526?
92ba
In base 10, what is -6609209 - -8?
-6609201
In base 5, what is -1204 + 233122?
231413
In base 3, what is -100 - -200210100200002?
200210100122202
In base 14, what is -45c69 - 122?
-45d8b
In base 15, what is -b558 + -c92?
-c2ea
In base 12, what is 1574205 + 90?
1574295
In base 9, what is 416 + -15370?
-14853
In base 10, what is 6541968 + 3?
6541971
In base 7, what is -645634 + -10215?
-656152
In base 13, what is -4181b + -69?
-41887
In base 16, what is -3857 + 55ac?
1d55
In base 16, what is 623517 + 1?
623518
In base 6, what is -1022444123140 + 5?
-1022444123131
In base 11, what is 2 + 37275112?
37275114
In base 5, what is 13023302 + -2320?
13020432
In base 13, what is -387 + b464?
b0aa
In base 9, what is 306 - 3142675?
-3142368
In base 16, what is 1009c - -2a7?
10343
In base 6, what is -14 - 450400220?
-450400234
In base 11, what is -66014a3 - 3?
-66014a6
In base 12, what is 59 - -1b89b1?
1b8a4a
In base 13, what is -25b + 2909?
267b
In base 5, what is -220100244231 + -2?
-220100244233
In base 13, what is 3b3 - -138?
51b
In base 10, what is -19011 + -9037?
-28048
In base 7, what is 1620 - 1306004?
-1304054
In base 11, what is 4 + 5637434?
5637438
In base 7, what is 104462 + 1333?
106125
In base 10, what is -8759790 + -22?
-8759812
In base 9, what is -10123761 + 11?
-10123750
In base 11, what is -1 + -192a759?
-192a75a
In base 11, what is -23a + 8040a?
80180
In base 8, what is -3622 + -264?
-4106
In base 3, what is -1000122 + -20221211212?
-20222212111
In base 14, what is 38 - 747506?
-7474ac
In base 13, what is -2cbc8 - 91?
-2cc89
In base 16, what is 5 + -3df291?
-3df28c
In base 14, what is -4359219 - -c?
-435920b
In base 9, what is 104 + 3111085?
3111200
In base 3, what is -20121122002 + 20011?
-20121101221
In base 3, what is -1011 + 11120220222121?
11120220221110
In base 14, what is 1256d1a - -2d?
1256d49
In base 16, what is 24e78 + ea?
24f62
In base 14, what is -147697 + 55?
-147642
In base 16, what is 2b - -18a414a?
18a4175
In base 7, what is 3 + -403060613?
-403060610
In base 13, what is -1a + -a03b5?
-a0402
In base 9, what is 10 - -17076056?
17076066
In base 9, what is 30310430 + 1?
30310431
In base 8, what is -326 - -4651?
4323
In base 15, what is 3bb3de9 - -d?
3bb3e07
In base 12, what is 8039 + -15?
8024
In base 5, what is -3412422340441 - -2?
-3412422340434
In base 16, what is -6 - -2a2e4?
2a2de
In base 5, what is 4 - 23223001032?
-23223001023
In base 3, what is 200200100010 - 111010?
200122212000
In base 12, what is 0 - -14a345?
14a345
In base 14, what is 602562c + 3?
6025631
In base 12, what is -1 - 1082a47?
-1082a48
In base 12, what is 5146a2 + 113?
5147b5
In base 16, what is -291e - -557d?
2c5f
In base 14, what is -9abbc - 19?
-9abd7
In base 10, what is 1 + -10610330?
-10610329
In base 14, what is -792 + 54d7b?
545c9
In base 9, what is -823 + 1146?
223
In base 3, what is -121221011 - -2101021?
-112112220
In base 5, what is 100001103 - 123?
100000430
In base 11, what is 142 + -420437?
-4202a5
In base 14, what is 1699d + 823?
173c2
In base 5, what is 4431302330 + 2?
4431302332
In base 6, what is 532225251 + -10?
532225241
In base 6, what is -110505 + 253121?
142212
In base 6, what is 31320452 - 100?
31320352
In base 8, what is 5 - -147734714?
147734721
In base 9, what is 52406 + 132?
52538
In base 12, what is 1484 + bb058?
100520
In base 6, what is -321030 + 14433?
-302153
In base 4, what is -10211 + 1232133?
1221322
In base 6, what is 121423150 - -1?
121423151
In base 15, what is 32dec0 - -26?
32dee6
In base 8, what is 5162175 + 4?
5162201
In base 5, what is 11430333104 + -4?
11430333100
In base 15, what is 3 + 81043?
81046
In base 7, what is 443366 + 4524?
451223
In base 10, what is 4 + 34182961?
34182965
In base 3, what is 10022 - -1010121122011?
1010121202110
In base 2, what is 0 - 1111111100010011100111100?
-1111111100010011100111100
In base 3, what is -102022212100 - -10110111?
-102012101212
In base 15, what is 0 - 17c7b1?
-17c7b1
In base 3, what is -100020 + 2220201?
2120111
In base 5, what is -212131 - 24133?
-241314
In base 11, what is 62 + 1378?
142a
In base 13, what is 10 - -1722a8?
1722b8
In base 10, what is -5 - 1598559?
-1598564
In base 16, what is 37cae001 - 4?
37cadffd
In base 2, what is -11001000110110100110101 - -111111?
-11001000110110011110110
In base 9, what is -2252 + -744478?
-746741
In base 13, what is 391b90 - -18?
391ba8
In base 2, what is -110111100101101000 - -11111000?
-110111100001110000
In base 12, what is -1 - -1911bb2?
1911bb1
In base 16, what is -30 + 1f197?
1f167
In base 10, what is 496459986 - 5?
496459981
In base 14, what is 10b3 + -135c?
-289
In base 12, what is -508b - 638?
-5707
In base 8, what is -71364025 + -3?
-71364030
In base 3, what is 2021000 - 2211001?
-120001
In base 16, what is a + e981e0?
e981ea
In base 6, what is -23540 + -112120?
-140100
In base 14, what is 1496 - -31b7?
466d
In base 10, what is 106804 - 375?
106429
In base 14, what is -88 + -2cd962?
-2cda0a
In base 10, what is 25156167 + -4?
25156163
In base 14, what is -1211 + b18?
-4d7
In base 2, what is 100101101011 + 1111010101111010?
1111111011100101
In base 4, what is 333011231230 + 3?
333011231233
In base 9, what is -12 - 1172811?
-1172823
In base 7, what is 460506626 + -14?
460506612
In base 2, what is 11010 - 101100110001110110001?
-101100110001110010111
In base 16, what is d559c1 - -5?
d559c6
In base 9, what is 4 - 67141125?
-67141121
In base 2, what is -110100011111000001101 - 10110?
-110100011111000100011
In base 11, what is 66637 - 3a75?
62672
In base 3, what is -1 + -20122222011121021?
-20122222011121022
In base 10, what is 71619 + -106?
71513
In base 16, what is 8 - 760cfa?
-760cf2
In base 15, what is -b - -8c5692?
8c5686
In base 8, what is 1016 + 46245?
47263
In base 14, what is -216 + -292c?
-2b44
In base 6, what is -3 + -15035415?
-15035422
In base 5, what is 3 + -2314022011?
-2314022003
In base 10, what is 4 - -17413419?
17413423
In base 13, what is b56b14 - -1?
b56b15
In base 3, what is 112 - -1112112220111?
1112112221000
In base 7, what is -36065055 + 210?
-36064545
In base 2, what is -10001 + 11001000001001100110101001?
11001000001001100110011000
In base 3, what is 200012202 + 1220010?
202002212
In base 15, what is 706c - -156?
71c3
In base 8, what is 41 - -1102017?
1102060
In base 11, what is 9 - 3128842?
-3128834
In base 11, what is 94 + -81627?
-81543
In base 16, what is 17f + 42447?
425c6
In base 8, what is 63061 - 452?
62407
In base 16, what is 40c75ee - 3?
40c75eb
In base 5, what is 13303 + -34021202?
-34002344
In base 8, what is -203757150 + 5?
-203757143
In base 11, what is -60430125 - 5?
-6043012a
In base 2, what is -1000001000011 - -10100010010111?
1100001010100
In base 15, what is d3 - 10a2d?
-1094a
In base 15, what is 4 - -6be797?
6be79b
In base 14, what is -1 + 705893c?
705893b
In base 4, what is 1223223 + -3200?
1220023
In base 14, what is 24 + 1dd9ac7?
1dd9b0b
In base 12, what is -15963507 - -5?
-15963502
In base 16, what is 1 + 7fbc6?
7fbc7
In base 6, what is -4 - -4055021?
4055013
In base 4, what is -30323003002 + 23?
-30323002313
In base 7, what is 166213 